prime factors of 3586136.
2, 19, 23593
List the prime factors of 686245.
5, 7, 2801
List the prime factors of 509108.
2, 127277
What are the prime factors of 17395?
5, 7, 71
What are the prime factors of 448968?
2, 3, 13, 1439
List the prime factors of 7895484.
2, 3, 71, 3089
What are the prime factors of 280152?
2, 3, 1297
List the prime factors of 238999.
199, 1201
What are the prime factors of 800395?
5, 160079
What are the prime factors of 2111478?
2, 3, 351913
List the prime factors of 2866761.
3, 17, 41, 457
What are the prime factors of 16780596?
2, 3, 7, 107, 1867
List the prime factors of 119776.
2, 19, 197
List the prime factors of 3671335.
5, 734267
List the prime factors of 2167827.
3, 167, 4327
What are the prime factors of 1003903?
19, 52837
List the prime factors of 3543680.
2, 5, 7, 113
List the prime factors of 627481.
627481
List the prime factors of 9557981.
9557981
List the prime factors of 246868.
2, 61717
What are the prime factors of 840480?
2, 3, 5, 17, 103
What are the prime factors of 5586223?
37, 150979
What are the prime factors of 834906?
2, 3, 227, 613
List the prime factors of 869134.
2, 7, 62081
List the prime factors of 385407.
3, 11, 17, 229
What are the prime factors of 423031?
7, 223, 271
What are the prime factors of 221342?
2, 11, 10061
List the prime factors of 20960927.
13, 293, 5503
What are the prime factors of 733628?
2, 7, 19, 197
What are the prime factors of 3338656?
2, 101, 1033
What are the prime factors of 413339?
103, 4013
What are the prime factors of 18810597?
3, 13, 482323
List the prime factors of 22462653.
3, 331, 22621
What are the prime factors of 15615787?
11, 1419617
List the prime factors of 4245725.
5, 11, 15439
List the prime factors of 25234525.
5, 179, 5639
List the prime factors of 2221398.
2, 3, 31, 1327
List the prime factors of 3315201.
3, 1105067
List the prime factors of 5913739.
13, 17, 26759
List the prime factors of 402337.
13, 30949
List the prime factors of 1557873.
3, 2137
What are the prime factors of 219898?
2, 7, 113, 139
List the prime factors of 4109399.
7, 587057
List the prime factors of 164212.
2, 61, 673
List the prime factors of 1131664.
2, 70729
List the prime factors of 10303981.
10303981
List the prime factors of 1782188.
2, 41, 10867
List the prime factors of 1232949.
3, 410983
List the prime factors of 4694780.
2, 5, 191, 1229
What are the prime factors of 4986737?
7, 347, 2053
List the prime factors of 407409.
3, 139, 977
List the prime factors of 10153339.
7, 353, 587
List the prime factors of 2911860.
2, 3, 5, 7, 2311
What are the prime factors of 1940358?
2, 3, 7, 46199
What are the prime factors of 212618?
2, 7, 15187
What are the prime factors of 1924587?
3, 7, 17, 599
What are the prime factors of 992856?
2, 3, 41, 1009
List the prime factors of 19985737.
41, 487457
List the prime factors of 17416303.
17416303
List the prime factors of 718542.
2, 3, 11, 19, 191
List the prime factors of 1055009.
47, 22447
List the prime factors of 1626104.
2, 181, 1123
List the prime factors of 825875.
5, 6607
What are the prime factors of 334326?
2, 3, 55721
What are the prime factors of 11831847?
3, 17, 101, 2297
List the prime factors of 5195434.
2, 233, 11149
What are the prime factors of 1722435?
3, 5, 11, 13, 73
List the prime factors of 4171106.
2, 149, 13997
List the prime factors of 1090397.
7, 11, 17
What are the prime factors of 1911141?
3, 70783
What are the prime factors of 616419?
3, 68491
What are the prime factors of 350407?
29, 43, 281
List the prime factors of 9728709.
3, 17, 190759
What are the prime factors of 357883?
357883
What are the prime factors of 1217807?
443, 2749
List the prime factors of 5325760.
2, 5, 11, 17, 89
What are the prime factors of 215772?
2, 3, 17981
List the prime factors of 1433620.
2, 5, 43, 1667
List the prime factors of 310287.
3, 293, 353
What are the prime factors of 2561498?
2, 971, 1319
List the prime factors of 6433062.
2, 3, 881, 1217
List the prime factors of 455940.
2, 3, 5, 17, 149
List the prime factors of 822250.
2, 5, 11, 13, 23
What are the prime factors of 264341?
7, 11, 3433
List the prime factors of 740132.
2, 41, 4513
List the prime factors of 6975949.
97, 71917
What are the prime factors of 400763?
11, 36433
List the prime factors of 536430.
2, 3, 5, 17881
List the prime factors of 7272242.
2, 313, 11617
What are the prime factors of 744788?
2, 11, 16927
What are the prime factors of 19112448?
2, 3, 23, 541
List the prime factors of 182663.
13, 14051
What are the prime factors of 5216129?
5216129
List the prime factors of 38438.
2, 19219
List the prime factors of 1805473.
1805473
List the prime factors of 2408967.
3, 11, 8111
What are the prime factors of 21416291?
13, 1647407
What are the prime factors of 72351?
3, 8039
List the prime factors of 1741407.
3, 19, 137, 223
What are the prime factors of 6494786?
2, 23, 271, 521
List the prime factors of 2599456.
2, 81233
List the prime factors of 3192880.
2, 5, 107, 373
List the prime factors of 1922731.
23, 83597
What are the prime factors of 82653?
3, 27551
What are the prime factors of 10631?
10631
What are the prime factors of 11108092?
2, 71, 39113
List the prime factors of 3605444.
2, 421, 2141
What are the prime factors of 1034477?
1034477
List the prime factors of 5474500.
2, 5, 10949
What are the prime factors of 429131?
17, 25243
List the prime factors of 1288366.
2, 43, 71, 211
List the prime factors of 739690.
2, 5, 7, 10567
What are the prime factors of 7551432?
2, 3, 7, 14983
What are the prime factors of 5217317?
7, 17, 2579
What are the prime factors of 4048908?
2, 3, 79, 4271
List the prime factors of 829937.
73, 11369
What are the prime factors of 441676?
2, 110419
What are the prime factors of 136960?
2, 5, 107
List the prime factors of 22795118.
2, 71, 229, 701
What are the prime factors of 2431069?
19, 127951
What are the prime factors of 248693?
17, 14629
List the prime factors of 139744.
2, 11, 397
What are the prime factors of 90904?
2, 11, 1033
What are the prime factors of 3390286?
2, 1695143
What are the prime factors of 118369?
118369
List the prime factors of 836746.
2, 418373
List the prime factors of 4563395.
5, 17, 37, 1451
List the prime factors of 308611.
43, 7177
List the prime factors of 15760357.
1153, 13669
List the prime factors of 19889473.
17, 701, 1669
What are the prime factors of 2603296?
2, 81353
List the prime factors of 2600721.
3, 96323
What are the prime factors of 147275?
5, 43, 137
List the prime factors of 5590465.
5, 19, 83, 709
What are the prime factors of 2044690?
2, 5, 139, 1471
What are the prime factors of 34483387?
34483387
What are the prime factors of 4763558?
2, 181, 13159
What are the prime factors of 7605739?
1087, 6997
List the prime factors of 1145774.
2, 7, 223, 367
What are the prime factors of 5080?
2, 5, 127
What are the prime factors of 9385?
5, 1877
What are the prime factors of 196898?
2, 13, 7573
What are the prime factors of 546320?
2, 5, 6829
What are the prime factors of 190935?
3, 5, 4243
List the prime factors of 496611.
3, 6131
What are the prime factors of 1577017?
13, 121309
What are the prime factors of 205420?
2, 5, 10271
What are the prime factors of 109391?
109391
List the prime factors of 364667.
17, 19, 1129
List the prime factors of 4490151.
3, 1496717
What are the prime factors of 12729273?
3, 4243091
List the prime factors of 85668.
2, 3, 11, 59
List the prime factors of 468377.
7, 13, 5147
What are the prime factors of 555364?
2, 138841
List the prime factors of 2809488.
2, 3, 11, 17, 313
What are the prime factors of 2703169?
7, 31, 12457
List the prime factors of 233216.
2, 911
List the prime factors of 2405821.
11, 218711
List the prime factors of 469127.
469127
What are the prime factors of 3819634?
2, 7, 13, 31, 677
What are the prime factors of 339607?
229, 1483
What are the prime factors of 480744?
2, 3, 11, 607
What are the prime factors of 1282891?
61, 21031
What are the prime factors of 362643?
3, 109, 1109
List the prime factors of 10763227.
17, 37243
List the prime factors of 438471.
3, 11, 43, 103
What are the prime factors of 17736615?
3, 5, 13, 30319
List the prime factors of 488560.
2, 5, 31, 197
List the prime factors of 14962050.
2, 3, 5,